- (16 + 0) - -8?
38
What is the value of (0 - (5 + -10 + 5)) + (-2 - -8)?
6
What is the value of 17 + (-4 + 12 - 14) + -6?
5
What is the value of (-29 + 4 - -58) + -24?
9
Evaluate -11 + 1 - ((-317 - -332) + -1 + -17).
-7
Calculate 64 + -63 + -2 + 4 + 2 - -11.
16
Evaluate 13 + -20 + (2 - 2) + (-4 - 8).
-19
What is the value of (2 - 32) + (5 - -13)?
-12
Calculate -10 + (-1 + -1 + 32 - -16).
36
What is 11 + (-2 - 0) + (-22 - 50) + 66?
3
Evaluate -6 - (-3 + -7 - 7).
11
Evaluate (-24 - -6) + 5 + 26 - -12.
25
Calculate -11 + (2 - -3 - (-9 + 12)).
-9
What is the value of (-3 - (-1 + 6 + -4)) + 20 + -3?
13
What is (-37 - -38) + (-7 - -2)?
-4
Evaluate (-8 - -10 - ((3 - 6) + 6)) + -2.
-3
(4 - (27 - 5)) + (-2 + 9 - 1)
-12
-8 - ((1 - -4 - 12) + 1 + 6)
-8
What is (1 - 7) + 0 + 10 + 2 + -13?
-7
What is (-19 - 1) + -19 + -20 + 29?
-30
Evaluate -5 + (11 - 5) - -10 - (-18 + 15).
14
2 + (7 + -9 - 2) + 5 + -21
-18
What is the value of 2 + -7 + 6 + -4 + -3 + -1?
-7
Calculate 13 - ((-7 - -11) + 7).
2
What is the value of -6 - -2 - (3 - (4 - 7 - -7))?
-3
Calculate 11 + -23 + (18 - 12).
-6
Evaluate -68 - -51 - (-13 - 0).
-4
Calculate 4 + 0 + 4 + -59 + 56.
5
Evaluate 9 + (-24 - (0 + 22)).
-37
What is the value of 7 - -6 - 26 - (6 + 1)?
-20
What is the value of (-35 - -33) + (1 - -6) + 0 + -18?
-13
Evaluate -29 + 31 + -13 + 1 + 8.
-2
Evaluate 15 + (8 - 13) + -8.
2
What is (11 - 20) + 4 + (-3 - -6 - 1)?
-3
Calculate -6 - -3 - -8 - (-11 - 3 - -7).
12
What is the value of -11 - (4 - (-27 + 23 - (0 - 8)))?
-11
Calculate (2 - -2) + 4 + (-35 - -18).
-9
What is the value of 0 - 2 - (-10 - -16)?
-8
Evaluate 22 - (9 - (-17 + 11)).
7
What is -8 + -1 + (4 - -6) - 5?
-4
Evaluate 25 + -3 - 18 - 25.
-21
-10 - 3 - (20 - 6 - 4)
-23
What is the value of 12 + (-1 - 1) + (-375 - -368)?
3
What is the value of -11 + (-18 - -14) + 8?
-7
What is 61 - (20 - -18 - 2)?
25
(4 - 1) + 7 - 16
-6
What is 1 - (-21 - (6 + -39))?
-11
What is 1 + 0 - (14 + -6 + 2 - 4)?
-5
Calculate 5 + 5 + 5 + -22.
-7
What is -2 - (1 + 1 + (20 - 12) + -12)?
0
What is the value of -31 - (16 - -14 - 64)?
3
Calculate (11 - 12 - -1 - 26 - 4) + 5.
-25
Evaluate -27 - (6 - 68) - 35.
0
What is the value of 4 + (-8 - (8 - -6))?
-18
What is -68 - (63 + -129) - (-32 + 1)?
29
What is -9 - (11 + -4 + (-14 - -3))?
-5
-5 - ((0 - 11) + -5 + -2) - 4
9
Evaluate 7 - (11 - 12 - -18).
-10
Evaluate -38 - -2 - (-496 + 482).
-22
Evaluate (29 - 70) + (0 - -18).
-23
What is 3 + 1 + 0 + -6 - -9 - -1?
8
Evaluate 26 + -57 - -13 - (-2 + 0 + -5).
-11
(13 - 5) + -8 + (-11 - 0) + -6
-17
Evaluate (-113 - -119) + (19 - (-1 + (-2 - -4))).
24
Evaluate -21 + (19 - 12 - (4 + -6)) - -26.
14
Evaluate (-13 - 1) + -8 + (41 - 13).
6
Evaluate -3 - (7 - 6 - 4 - -6 - -2).
-8
Evaluate -27 + (7 - (-5 + 6 - -7 - 7)).
-21
Evaluate -11 + (17 - (0 - -7)).
-1
Calculate -8 + -11 + 1 + 15.
-3
What is -8 + (-24 + 11 - -11) + -2?
-12
Evaluate 741 + -735 - (-1 - (1 + 9)).
17
What is (5 - (-9 - 4 - -9)) + -25 + 8?
-8
Evaluate -2 + (-158 + 163 - (0 - -11)).
-8
Calculate 25 + -2 + (166 - 200).
-11
Evaluate -895 - -932 - (26 - -1).
10
What is the value of 3 + -6 + -10 + (9 - (18 + -3))?
-19
Calculate 9 + 14 + -16 - (15 + -17).
9
What is -6 - ((6 - (-2 - 10)) + -6)?
-18
-38 - (-10 + 0) - -7 - (8 + -17)
-12
Evaluate 15 + 1 + (41 - 54) + -10.
-7
Calculate (-1 + 1 - (31 + -24 + -24)) + -9.
8
Evaluate 3 + (3 - 4) - (-9 + (-2 - -7)).
6
Calculate -14 + 14 + -33 - -12.
-21
Calculate -22 + 72 + -24 + -37.
-11
Calculate (-20 - -13) + (20 - 7) + -19 - -6.
-7
What is the value of (0 - 2) + (-48 + 28 - (-9 - 33))?
20
(7 - (-30 + 9)) + -17 - -9
20
What is the value of -4 - 0 - (-1 + -6 + (8 - 0))?
-5
What is the value of 11 + -4 - (-45 - -40)?
12
Calculate -21 + ((5 - 16) + 9 - -7).
-16
What is the value of 7 + -3 + (-53 - -56)?
7
Evaluate 4 - (1 + 6 + (-6 - -5) - 9).
7
What is -73 + 62 + (1 - (7 - (-4 - -8)))?
-13
11 - (53 + -30 - 21)
9
What is the value of -24 + 28 - -23 - -5?
32
What is the value of 6 + -21 - 3 - -10?
-8
Evaluate -1 + -12 - (1 - (31 + -14 - 21)).
-18
Calculate 27 - (-4 + 3 + 15).
13
What is the value of -34 + -4 - (81 + -124)?
5
What is -1177 - -1199 - (-3 - (-7 + (3 - 4)))?
17
Evaluate -6 + -3 + (11 - -2).
4
What is the value of (-5 - -1 - -8) + 22 + 1 + -10?
17
Calculate (13 - -2) + (-17 - -15) + 3.
16
What is the value of -31 + 20 + -4 - (-3 - 8)?
-4
What is -5 - -10 - 1 - ((7 - -2) + 7)?
-12
-8 - (-2 - -2) - (-20 + 3)
9
Evaluate 27 + -27 + 1 - (-1 + -4).
6
What is the value of -5 - (15 + -3 + -1 + (7 - 13))?
-10
What is 0 + (10 - 4) + (-2 - 0)?
4
Calculate -19 + 18 - 23 - 4 - 6.
-34
What is the value of (-1 - -9) + -2 - (1695 - 1691)?
2
What is the value of -14 + -3 + 15 - -12?
10
Calculate 0 - 2 - (-704 - -704).
-2
What is the value of (-1 - 16) + -43 + 46 - (1 - 12)?
-3
(20 - 1) + (153 - 169) - -8
11
Evaluate -26 + (-6 - 0) + 17 - -45.
30
Evaluate -324 + 308 + (-10 - -1).
-25
What is the value of 99 + -28 + -20 - 19?
32
What is the value of (19 - 20) + 11 + (2 - 24)?
-12
Evaluate (-11 - (14 + -1)) + 8.
-16
What is 11 + (7 - (4 + 20)) + 0?
-6
What is 4 - (9 - 13 - -8)?
0
Calculate (11 - 2) + 70 + -82 - 12.
-15
What is the value of (-1 - 20) + (9 - -22)?
10
Evaluate -85 - -94 - (-8 + 12).
5
What is the value of -6 + (-16 - -9) - (-70 + 72)?
-15
Evaluate -1 - ((12 - 6) + (-6 + 2 - 3)).
0
What is the value of (-23 - (8 - 21)) + 23 + 0 + -7?
6
What is -2 + (8 - 8) + 23 + 1 + 0?
22
(0 - (-8 + 9 + -5)) + -1 + 2
5
What is 0 - ((-15 - 3) + (5 - -5))?
8
Evaluate 119 + -109 + 3 + -4 + (-1 - -17).
25
What is -17 - (-31 + 33 - 8)?
-11
What is the value of -13 + 6 - (-7 - 9) - -13?
22
29 + -27 + (-5 - -2) - -8
7
What is the value of (11 - 2) + -3 + -113 + 122?
15
Evaluate 4 + (1 - (10 + -2)) + -11.
-14
Evaluate (-31 - 1) + (-1 - -18).
-15
What is -12 + 5 + (14 - (-21 + 2 + 11))?
15
What is the value of 0 + 24 + (510 - 550)?
-16
154 - 146 - (0 + 2)
6
What is the value of -6 + (-18 - -15 - 8)?
-17
Evaluate -9 - (-1 - 0) - (0 + 2).
-10
Calculate -9 + (9 - 3) + 5 + (1 - 6).
-3
What is the value of 0 + 11 - (-286 + 292)?
5
Calculate 6 + 1 - (-5 - (0 - (10 - 10))).
12
Calculate 1 - (3 + -1) - (-15 + 0 + 26).
-12
What is the value of (19 - 27) + (0 - -6)?
-2
Calculate 12 + -28 + -52 + 39.
-29
Calculate (-13 + -2 - -11) + (17 - -3).
16
Calculate (13 - (-9 + 13 + 8)) + 0.
1
Calculate 3 + (6 - 1 - (41 + -40)) - 2.
5
What is the value of 8 + (16 - (31 + 12))?
-19
What is the value of -45 + 45 - ((-1 - -1) + 3)?
-3
Calculate -11 + -12 + 18 + -5.
-10
Calculate 27 + -4 + 26 - 28.
21
Calculate (157 - 156) + (0 + 0 - -1 - -2).
4
What is the value of (-1 - (-2 - (0 - 6))) + -14?
-19
Calculate 30 + 5 + -47 + (18 - -2).
8
What is (-1 - 11) + (-37 - -43) + 18?
12
What is the value of 27 - (43 - 4 - -6)?
-18
Evaluate -29 - 1 - (1109 - 1114).
-25
Evaluate -5 + 28 + (-21 - -10).
12
What is -1 - 27 - (-47 - (-99 + 60))?
-20
What is the value of 7 - (((-7 - -14) + -1 - -3) + -7)?
5
-29 - (25 + -38) - -3
-13
What is the value of (-3 - 1) + (-11 - (9 + 5 + -36))?
7
1 - (-2 - -4) - -3 - (98 - 78)
-18
Evaluate -41 - (11 + -91) - 66.
-27
What is the value of -14 + -1 - ((-8 - 5) + 12)?
-14
What is 13 + 0 - (78 + -77) - 6?
6
-3 + -17 + 9 + -2 - -4
-9
Evaluate 43 + -49 - (4 + (1 - -2)).
-13
What is -4 + (0 - 4) + (-10 - (-7 - -4))?
-15
What is 1 - -45 - 55 - 21?
-30
Evaluate 10 + -11 + -15 + 13.
-3
Evaluate (-33 - -54) + (1 - 10).
12
Evaluate 5 - (0 + -5 + 116 + -90 - -4).
-20
What is the value of 22 + (20 - (39 - 3))?
6
Evaluate (-6 - (-5 + -5 + -6)) + 27.
37
Calculate -140 + 128 - (-1 - (-2 - -7)).
-6
What is (-5 - 1 - (80 - 92)) + 15 - 11?
10
4 + -1 + -11 - (3 - 19) - -5
13
Calculate (-18 - -7 - (-6 + -11)) + -1.
5
What is 10 + (-8 - -6) - 13 - 6?
-11
What is the value of -90 + 96 - (-3 + 1 + 10)?
-2
Evaluate (66 - 44) + -16 + 6.
12
Calculate (120 - 135) + 2 + 4.
-9
Evaluate 10 - (-6 - -11) - 0 - 3.
2
What is the value of (24 - (22 + -11) - 17) + 14?
10
Evaluate 5 + -18 + -11 + 13.
-11
Evaluate (62 - 53) + (4 + -8 - -2).
7
What is the value of (-3 - -4 - -8) + 1 + 0?
10
What is the value of 29 + (-24 - 2) - (-11 - (-2 - 2))?
10
What is the value of (4 - 14) + (-6 - -1) + (3 - -2)?
-10
Evaluate -10 + 7 - -5 - (4 - 2 - -1).
-1
What is -7 - (-2 + 13 + -19)?
1
Calculate -2 + (-2 - 0 - (42 - 47) - -6).
7
Calcul